30.
16
Calculate the remainder when 681696 is divided by 802.
798
Calculate the remainder when 5018 is divided by 2499.
20
Calculate the remainder when 140105 is divided by 517.
515
Calculate the remainder when 244690 is divided by 813.
790
Calculate the remainder when 1153493 is divided by 184.
181
What is the remainder when 34811 is divided by 34694?
117
What is the remainder when 96402 is divided by 626?
624
Calculate the remainder when 49369 is divided by 509.
505
Calculate the remainder when 233091 is divided by 71.
69
What is the remainder when 21371 is divided by 156?
155
What is the remainder when 6446141 is divided by 27?
26
Calculate the remainder when 24690 is divided by 54.
12
Calculate the remainder when 2775 is divided by 672.
87
Calculate the remainder when 251631 is divided by 251621.
10
Calculate the remainder when 2334 is divided by 643.
405
Calculate the remainder when 141895 is divided by 438.
421
Calculate the remainder when 4574 is divided by 654.
650
What is the remainder when 892 is divided by 386?
120
What is the remainder when 7925 is divided by 165?
5
Calculate the remainder when 7802 is divided by 61.
55
What is the remainder when 68806 is divided by 189?
10
Calculate the remainder when 57784 is divided by 80.
24
Calculate the remainder when 16300 is divided by 16295.
5
Calculate the remainder when 50393 is divided by 57.
5
What is the remainder when 10238 is divided by 293?
276
Calculate the remainder when 5757 is divided by 64.
61
Calculate the remainder when 16466 is divided by 1175.
16
What is the remainder when 25694 is divided by 60?
14
What is the remainder when 432178 is divided by 882?
880
Calculate the remainder when 590 is divided by 128.
78
What is the remainder when 3140871 is divided by 99?
96
Calculate the remainder when 7236 is divided by 723.
6
Calculate the remainder when 61667 is divided by 20544.
35
What is the remainder when 3527 is divided by 800?
327
What is the remainder when 1404 is divided by 100?
4
What is the remainder when 4999 is divided by 71?
29
Calculate the remainder when 105837 is divided by 378.
375
What is the remainder when 103302 is divided by 329?
325
Calculate the remainder when 4800 is divided by 958.
10
Calculate the remainder when 40138 is divided by 20065.
8
What is the remainder when 3220 is divided by 1884?
1336
Calculate the remainder when 5664 is divided by 17.
3
What is the remainder when 2324 is divided by 73?
61
Calculate the remainder when 199679 is divided by 30.
29
Calculate the remainder when 8465 is divided by 21.
2
What is the remainder when 4021 is divided by 45?
16
What is the remainder when 15578 is divided by 16?
10
What is the remainder when 495 is divided by 43?
22
Calculate the remainder when 1699 is divided by 69.
43
Calculate the remainder when 2403 is divided by 126.
9
Calculate the remainder when 977 is divided by 219.
101
What is the remainder when 2138 is divided by 2104?
34
Calculate the remainder when 9410 is divided by 13.
11
What is the remainder when 830 is divided by 551?
279
Calculate the remainder when 63441 is divided by 4876.
53
What is the remainder when 3537004 is divided by 1552?
1548
Calculate the remainder when 300689 is divided by 514.
513
Calculate the remainder when 141049 is divided by 445.
429
What is the remainder when 10818 is divided by 603?
567
What is the remainder when 4990 is divided by 339?
244
Calculate the remainder when 16577 is divided by 38.
9
Calculate the remainder when 10504 is divided by 2626.
0
What is the remainder when 3031 is divided by 181?
135
What is the remainder when 495 is divided by 289?
206
Calculate the remainder when 206946 is divided by 28.
26
Calculate the remainder when 107392 is divided by 4.
0
Calculate the remainder when 7909 is divided by 3938.
33
Calculate the remainder when 28012 is divided by 30.
22
What is the remainder when 16296 is divided by 47?
34
What is the remainder when 15294 is divided by 239?
237
What is the remainder when 75680 is divided by 82?
76
Calculate the remainder when 170446 is divided by 201.
199
What is the remainder when 551972 is divided by 24?
20
What is the remainder when 33637 is divided by 42?
37
Calculate the remainder when 46633 is divided by 915.
883
Calculate the remainder when 460765 is divided by 952.
949
What is the remainder when 9982 is divided by 4980?
22
Calculate the remainder when 113223 is divided by 226.
223
What is the remainder when 5145405 is divided by 859?
854
What is the remainder when 50158 is divided by 8?
6
Calculate the remainder when 14043 is divided by 2332.
51
What is the remainder when 152525 is divided by 7?
2
Calculate the remainder when 417778 is divided by 91.
88
What is the remainder when 14944 is divided by 33?
28
What is the remainder when 323080 is divided by 327?
4
Calculate the remainder when 245342 is divided by 656.
654
What is the remainder when 157645 is divided by 171?
154
What is the remainder when 6222 is divided by 119?
34
What is the remainder when 2416 is divided by 24?
16
Calculate the remainder when 13681 is divided by 228.
1
Calculate the remainder when 330257 is divided by 3440.
17
What is the remainder when 7511 is divided by 217?
133
Calculate the remainder when 878 is divided by 178.
166
Calculate the remainder when 5265934 is divided by 232.
230
What is the remainder when 5701 is divided by 451?
289
What is the remainder when 3888424 is divided by 25?
24
What is the remainder when 5126366 is divided by 26?
24
Calculate the remainder when 13387 is divided by 35.
17
Calculate the remainder when 23893 is divided by 9.
7
Calculate the remainder when 198183 is divided by 29.
26
Calculate the remainder when 2980 is divided by 49.
40
Calculate the remainder when 19451 is divided by 4861.
7
Calculate the remainder when 3287 is divided by 298.
9
What is the remainder when 123008 is divided by 61491?
26
What is the remainder when 1604 is divided by 514?
62
What is the remainder when 4168 is divided by 52?
8
Calculate the remainder when 1932 is divided by 53.
24
What is the remainder when 1666 is divided by 412?
18
What is the remainder when 2376 is divided by 760?
96
What is the remainder when 557 is divided by 24?
5
Calculate the remainder when 47955 is divided by 23968.
19
Calculate the remainder when 313036 is divided by 45.
16
Calculate the remainder when 1227 is divided by 34.
3
What is the remainder when 289873 is divided by 15?
13
What is the remainder when 26802 is divided by 13356?
90
Calculate the remainder when 3042 is divided by 168.
18
Calculate the remainder when 115536 is divided by 11552.
16
Calculate the remainder when 1399 is divided by 207.
157
Calculate the remainder when 73382 is divided by 401.
400
What is the remainder when 141225 is divided by 329?
84
What is the remainder when 2443408 is divided by 61?
53
Calculate the remainder when 277678 is divided by 120.
118
What is the remainder when 57115 is divided by 118?
3
Calculate the remainder when 205381 is divided by 259.
253
What is the remainder when 1774 is divided by 296?
294
Calculate the remainder when 302020 is divided by 858.
4
What is the remainder when 22110 is divided by 2452?
42
Calculate the remainder when 20016 is divided by 11.
7
What is the remainder when 23898 is divided by 662?
66
What is the remainder when 5065 is divided by 7?
4
What is the remainder when 44161 is divided by 93?
79
What is the remainder when 3989 is divided by 995?
9
What is the remainder when 17172 is divided by 32?
20
Calculate the remainder when 16929 is divided by 185.
94
What is the remainder when 809238 is divided by 177?
171
Calculate the remainder when 95510 is divided by 19.
16
Calculate the remainder when 287 is divided by 33.
23
What is the remainder when 84635 is divided by 89?
85
Calculate the remainder when 79126 is divided by 79110.
16
Calculate the remainder when 12343 is divided by 54.
31
What is the remainder when 426 is divided by 115?
81
What is the remainder when 9442 is divided by 141?
136
Calculate the remainder when 225 is divided by 182.
43
What is the remainder when 2652 is divided by 245?
202
Calculate the remainder when 1014 is divided by 239.
58
Calculate the remainder when 5996 is divided by 1008.
956
What is the remai